{"id":54,"date":"2021-06-04T13:07:08","date_gmt":"2021-06-04T11:07:08","guid":{"rendered":"http:\/\/www.dk9hundskola.se\/?page_id=54"},"modified":"2025-09-01T09:46:30","modified_gmt":"2025-09-01T07:46:30","slug":"beteendeutredning","status":"publish","type":"page","link":"https:\/\/www.dk9hundskola.se\/index.php\/beteendeutredning\/","title":{"rendered":"Beteendeutredning"},"content":{"rendered":"<div  data-label=\"About\" data-id=\"about-text-icons-section\" data-category=\"about\" class=\"about-text-icons-section\" id=\"about-5\" style=\"background-color: rgb(255, 255, 255);\"> <div  class=\"gridContainer\"> <div  class=\"about-text-icons-innerrow dynamic-color\"> <div  class=\"about-text-icons-textcol\" data-type=\"column\"> <h5  class=\"\">Beteendeutredning<\/h5> <h3  class=\"\">Hundproblem?<\/h3> <p  class=\"\">Att vara hund\u00e4gare kan ibland vara besv\u00e4rligt. \u00c4ven om m\u00e4nniskan och hunden vuxit sig n\u00e4ra genom \u00e5rtusenden s\u00e5 \u00e4r vi fortfarande tv\u00e5 olika arter och kan kanske inte alltid f\u00f6rst\u00e5 varandra.\n<br ><br >Vi kan hj\u00e4lpa till med m\u00e5nga av de problem som kan uppst\u00e5. Det finns f\u00f6r det mesta en l\u00f6sning.<\/p><a class=\"button color2\" href=\"https:\/\/www.dk9hundskola.se\/index.php\/#contact-4\" target=\"_self\" data-icon=\"\" rel=\"noopener\">Kontakta oss f\u00f6r hj\u00e4lp!<\/a> <\/div> <div  class=\"about-text-icons-cols flexbox-list\"> <div  class=\"about-text-icons-iconcol\"> <i  data-cp-fa=\"true\" class=\"font-icon-21 fa fa-exchange color1\"><\/i> <h4 >Hundm\u00f6ten<\/h4> <p >Vi arbetar med tekniker som kommunikationstr\u00e4ning, skvallertr\u00e4ning och BAT f\u00f6r att \u00e5stadkomma s\u00e5 friktionsfria m\u00f6ten mellan hundar som m\u00f6jligt.<\/p><a href=\"#\" target=\"_self\" data-reiki-hidden=\"true\" rel=\"noopener\"><i  data-cp-fa=\"true\" class=\"font-icon-20 fa fa-angle-double-right color6\"><\/i>&nbsp;learn more<\/a> <\/div> <div  class=\"about-text-icons-iconcol\"> <i  data-cp-fa=\"true\" class=\"font-icon-21 fa fa-dollar color1\"><\/i> <h4 >Resursvaktande<\/h4> <p >Hundar som vaktar mat, tuggben, leksaker med mera kan l\u00e4ra sig att inte se oss som ett hot genom att anv\u00e4nda sig av byteslekar eller olika s\u00e4tt att minska resursens betydelse f\u00f6r hunden.<\/p><a href=\"#\" target=\"_self\" data-reiki-hidden=\"true\" rel=\"noopener\"><i  data-cp-fa=\"true\" class=\"font-icon-20 fa fa-angle-double-right color6\"><\/i>&nbsp;learn more<\/a> <\/div> <div  class=\"about-text-icons-iconcol\"> <i  data-cp-fa=\"true\" class=\"font-icon-21 fa fa-child color1\"><\/i> <h4 >Separations\u00e5ngest<\/h4> <p >Med hj\u00e4lp av desensitisering arbetar vi bort hundens obehagsk\u00e4nslor kring att bli l\u00e4mnad ensam.<\/p><a href=\"#\" target=\"_self\" data-reiki-hidden=\"true\" rel=\"noopener\"><i  data-cp-fa=\"true\" class=\"font-icon-20 fa fa-angle-double-right color6\"><\/i>&nbsp;learn more<\/a> <\/div> <div  class=\"about-text-icons-iconcol\"> <i  data-cp-fa=\"true\" class=\"font-icon-21 fa fa-warning color1\"><\/i> <h4 >R\u00e4dslor<\/h4> <p >En hund som \u00e4r r\u00e4dd f\u00f6r cyklar, dammsugare, kloklippning, bilar, m\u00e4nniskor, h\u00f6ga ljud, h\u00e4star eller vad som helst, kan v\u00e4nda sitt obehag till n\u00e5got positivt med hj\u00e4lp av motbetingning eller frivillighetstr\u00e4ning av olika slag.<\/p><a href=\"#\" target=\"_self\" data-reiki-hidden=\"true\" rel=\"noopener\"><i  data-cp-fa=\"true\" class=\"font-icon-20 fa fa-angle-double-right color6\"><\/i>&nbsp;learn more<\/a> <\/div> <\/div> <\/div> <\/div><\/div>","protected":false},"excerpt":{"rendered":"<p>Beteendeutredning Hundproblem? Att vara hund\u00e4gare kan ibland vara besv\u00e4rligt. \u00c4ven om m\u00e4nniskan och hunden vuxit sig n\u00e4ra genom \u00e5rtusenden s\u00e5 \u00e4r vi fortfarande tv\u00e5 olika arter och kan kanske inte alltid f\u00f6rst\u00e5 varandra. Vi kan hj\u00e4lpa till med m\u00e5nga av de problem som kan uppst\u00e5. Det finns f\u00f6r det mesta en l\u00f6sning.Kontakta oss f\u00f6r hj\u00e4lp!&hellip; <br \/> <a class=\"button small blue\" href=\"https:\/\/www.dk9hundskola.se\/index.php\/2021\/05\/05\/hej-varlden\/\">L\u00e4s mer<\/a><\/p>\n","protected":false},"author":1,"featured_media":0,"parent":0,"menu_order":0,"comment_status":"closed","ping_status":"closed","template":"full-width-page.php","meta":{"footnotes":"","_links_to":"","_links_to_target":""},"class_list":["post-54","page","type-page","status-publish","hentry"],"yoast_head":"<!-- This site is optimized with the Yoast SEO plugin v27.5 - https:\/\/yoast.com\/product\/yoast-seo-wordpress\/ -->\n<title>Beteendeutredning - DK-9 Hundskola<\/title>\n<meta name=\"robots\" content=\"index, follow, max-snippet:-1, max-image-preview:large, max-video-preview:-1\" \/>\n<link rel=\"canonical\" href=\"https:\/\/www.dk9hundskola.se\/index.php\/beteendeutredning\/\" \/>\n<meta property=\"og:locale\" content=\"sv_SE\" \/>\n<meta property=\"og:type\" content=\"article\" \/>\n<meta property=\"og:title\" content=\"Beteendeutredning - DK-9 Hundskola\" \/>\n<meta property=\"og:description\" content=\"Beteendeutredning Hundproblem? Att vara hund\u00e4gare kan ibland vara besv\u00e4rligt. \u00c4ven om m\u00e4nniskan och hunden vuxit sig n\u00e4ra genom \u00e5rtusenden s\u00e5 \u00e4r vi fortfarande tv\u00e5 olika arter och kan kanske inte alltid f\u00f6rst\u00e5 varandra. Vi kan hj\u00e4lpa till med m\u00e5nga av de problem som kan uppst\u00e5. Det finns f\u00f6r det mesta en l\u00f6sning.Kontakta oss f\u00f6r hj\u00e4lp!&hellip; L\u00e4s mer\" \/>\n<meta property=\"og:url\" content=\"https:\/\/www.dk9hundskola.se\/index.php\/beteendeutredning\/\" \/>\n<meta property=\"og:site_name\" content=\"DK-9 Hundskola\" \/>\n<meta property=\"article:publisher\" content=\"https:\/\/www.facebook.com\/dk9hundskola\/\" \/>\n<meta property=\"article:modified_time\" content=\"2025-09-01T07:46:30+00:00\" \/>\n<meta name=\"twitter:card\" content=\"summary_large_image\" \/>\n<meta name=\"twitter:label1\" content=\"Ber\u00e4knad l\u00e4stid\" \/>\n\t<meta name=\"twitter:data1\" content=\"1 minut\" \/>\n<script type=\"application\/ld+json\" class=\"yoast-schema-graph\">{\"@context\":\"https:\\\/\\\/schema.org\",\"@graph\":[{\"@type\":\"WebPage\",\"@id\":\"https:\\\/\\\/www.dk9hundskola.se\\\/index.php\\\/beteendeutredning\\\/\",\"url\":\"https:\\\/\\\/www.dk9hundskola.se\\\/index.php\\\/beteendeutredning\\\/\",\"name\":\"Beteendeutredning - DK-9 Hundskola\",\"isPartOf\":{\"@id\":\"https:\\\/\\\/www.dk9hundskola.se\\\/#website\"},\"datePublished\":\"2021-06-04T11:07:08+00:00\",\"dateModified\":\"2025-09-01T07:46:30+00:00\",\"breadcrumb\":{\"@id\":\"https:\\\/\\\/www.dk9hundskola.se\\\/index.php\\\/beteendeutredning\\\/#breadcrumb\"},\"inLanguage\":\"sv-SE\",\"potentialAction\":[{\"@type\":\"ReadAction\",\"target\":[\"https:\\\/\\\/www.dk9hundskola.se\\\/index.php\\\/beteendeutredning\\\/\"]}]},{\"@type\":\"BreadcrumbList\",\"@id\":\"https:\\\/\\\/www.dk9hundskola.se\\\/index.php\\\/beteendeutredning\\\/#breadcrumb\",\"itemListElement\":[{\"@type\":\"ListItem\",\"position\":1,\"name\":\"Hem\",\"item\":\"https:\\\/\\\/www.dk9hundskola.se\\\/\"},{\"@type\":\"ListItem\",\"position\":2,\"name\":\"Beteendeutredning\"}]},{\"@type\":\"WebSite\",\"@id\":\"https:\\\/\\\/www.dk9hundskola.se\\\/#website\",\"url\":\"https:\\\/\\\/www.dk9hundskola.se\\\/\",\"name\":\"DK-9 Hundskola\",\"description\":\"Hundkurser, beteendeutredning\",\"publisher\":{\"@id\":\"https:\\\/\\\/www.dk9hundskola.se\\\/#organization\"},\"potentialAction\":[{\"@type\":\"SearchAction\",\"target\":{\"@type\":\"EntryPoint\",\"urlTemplate\":\"https:\\\/\\\/www.dk9hundskola.se\\\/?s={search_term_string}\"},\"query-input\":{\"@type\":\"PropertyValueSpecification\",\"valueRequired\":true,\"valueName\":\"search_term_string\"}}],\"inLanguage\":\"sv-SE\"},{\"@type\":\"Organization\",\"@id\":\"https:\\\/\\\/www.dk9hundskola.se\\\/#organization\",\"name\":\"DK-9 Hundskola\",\"url\":\"https:\\\/\\\/www.dk9hundskola.se\\\/\",\"logo\":{\"@type\":\"ImageObject\",\"inLanguage\":\"sv-SE\",\"@id\":\"https:\\\/\\\/www.dk9hundskola.se\\\/#\\\/schema\\\/logo\\\/image\\\/\",\"url\":\"https:\\\/\\\/www.dk9hundskola.se\\\/wp-content\\\/uploads\\\/2021\\\/05\\\/logo.png\",\"contentUrl\":\"https:\\\/\\\/www.dk9hundskola.se\\\/wp-content\\\/uploads\\\/2021\\\/05\\\/logo.png\",\"width\":349,\"height\":70,\"caption\":\"DK-9 Hundskola\"},\"image\":{\"@id\":\"https:\\\/\\\/www.dk9hundskola.se\\\/#\\\/schema\\\/logo\\\/image\\\/\"},\"sameAs\":[\"https:\\\/\\\/www.facebook.com\\\/dk9hundskola\\\/\"]}]}<\/script>\n<!-- \/ Yoast SEO plugin. -->","yoast_head_json":{"title":"Beteendeutredning - DK-9 Hundskola","robots":{"index":"index","follow":"follow","max-snippet":"max-snippet:-1","max-image-preview":"max-image-preview:large","max-video-preview":"max-video-preview:-1"},"canonical":"https:\/\/www.dk9hundskola.se\/index.php\/beteendeutredning\/","og_locale":"sv_SE","og_type":"article","og_title":"Beteendeutredning - DK-9 Hundskola","og_description":"Beteendeutredning Hundproblem? Att vara hund\u00e4gare kan ibland vara besv\u00e4rligt. \u00c4ven om m\u00e4nniskan och hunden vuxit sig n\u00e4ra genom \u00e5rtusenden s\u00e5 \u00e4r vi fortfarande tv\u00e5 olika arter och kan kanske inte alltid f\u00f6rst\u00e5 varandra. Vi kan hj\u00e4lpa till med m\u00e5nga av de problem som kan uppst\u00e5. Det finns f\u00f6r det mesta en l\u00f6sning.Kontakta oss f\u00f6r hj\u00e4lp!&hellip; L\u00e4s mer","og_url":"https:\/\/www.dk9hundskola.se\/index.php\/beteendeutredning\/","og_site_name":"DK-9 Hundskola","article_publisher":"https:\/\/www.facebook.com\/dk9hundskola\/","article_modified_time":"2025-09-01T07:46:30+00:00","twitter_card":"summary_large_image","twitter_misc":{"Ber\u00e4knad l\u00e4stid":"1 minut"},"schema":{"@context":"https:\/\/schema.org","@graph":[{"@type":"WebPage","@id":"https:\/\/www.dk9hundskola.se\/index.php\/beteendeutredning\/","url":"https:\/\/www.dk9hundskola.se\/index.php\/beteendeutredning\/","name":"Beteendeutredning - DK-9 Hundskola","isPartOf":{"@id":"https:\/\/www.dk9hundskola.se\/#website"},"datePublished":"2021-06-04T11:07:08+00:00","dateModified":"2025-09-01T07:46:30+00:00","breadcrumb":{"@id":"https:\/\/www.dk9hundskola.se\/index.php\/beteendeutredning\/#breadcrumb"},"inLanguage":"sv-SE","potentialAction":[{"@type":"ReadAction","target":["https:\/\/www.dk9hundskola.se\/index.php\/beteendeutredning\/"]}]},{"@type":"BreadcrumbList","@id":"https:\/\/www.dk9hundskola.se\/index.php\/beteendeutredning\/#breadcrumb","itemListElement":[{"@type":"ListItem","position":1,"name":"Hem","item":"https:\/\/www.dk9hundskola.se\/"},{"@type":"ListItem","position":2,"name":"Beteendeutredning"}]},{"@type":"WebSite","@id":"https:\/\/www.dk9hundskola.se\/#website","url":"https:\/\/www.dk9hundskola.se\/","name":"DK-9 Hundskola","description":"Hundkurser, beteendeutredning","publisher":{"@id":"https:\/\/www.dk9hundskola.se\/#organization"},"potentialAction":[{"@type":"SearchAction","target":{"@type":"EntryPoint","urlTemplate":"https:\/\/www.dk9hundskola.se\/?s={search_term_string}"},"query-input":{"@type":"PropertyValueSpecification","valueRequired":true,"valueName":"search_term_string"}}],"inLanguage":"sv-SE"},{"@type":"Organization","@id":"https:\/\/www.dk9hundskola.se\/#organization","name":"DK-9 Hundskola","url":"https:\/\/www.dk9hundskola.se\/","logo":{"@type":"ImageObject","inLanguage":"sv-SE","@id":"https:\/\/www.dk9hundskola.se\/#\/schema\/logo\/image\/","url":"https:\/\/www.dk9hundskola.se\/wp-content\/uploads\/2021\/05\/logo.png","contentUrl":"https:\/\/www.dk9hundskola.se\/wp-content\/uploads\/2021\/05\/logo.png","width":349,"height":70,"caption":"DK-9 Hundskola"},"image":{"@id":"https:\/\/www.dk9hundskola.se\/#\/schema\/logo\/image\/"},"sameAs":["https:\/\/www.facebook.com\/dk9hundskola\/"]}]}},"_links":{"self":[{"href":"https:\/\/www.dk9hundskola.se\/index.php\/wp-json\/wp\/v2\/pages\/54","targetHints":{"allow":["GET"]}}],"collection":[{"href":"https:\/\/www.dk9hundskola.se\/index.php\/wp-json\/wp\/v2\/pages"}],"about":[{"href":"https:\/\/www.dk9hundskola.se\/index.php\/wp-json\/wp\/v2\/types\/page"}],"author":[{"embeddable":true,"href":"https:\/\/www.dk9hundskola.se\/index.php\/wp-json\/wp\/v2\/users\/1"}],"replies":[{"embeddable":true,"href":"https:\/\/www.dk9hundskola.se\/index.php\/wp-json\/wp\/v2\/comments?post=54"}],"version-history":[{"count":7,"href":"https:\/\/www.dk9hundskola.se\/index.php\/wp-json\/wp\/v2\/pages\/54\/revisions"}],"predecessor-version":[{"id":3061,"href":"https:\/\/www.dk9hundskola.se\/index.php\/wp-json\/wp\/v2\/pages\/54\/revisions\/3061"}],"wp:attachment":[{"href":"https:\/\/www.dk9hundskola.se\/index.php\/wp-json\/wp\/v2\/media?parent=54"}],"curies":[{"name":"wp","href":"https:\/\/api.w.org\/{rel}","templated":true}]}}