{"id":349,"date":"2022-02-13T19:47:09","date_gmt":"2022-02-13T18:47:09","guid":{"rendered":"http:\/\/www.dk9hundskola.se\/?page_id=349"},"modified":"2022-02-13T19:56:17","modified_gmt":"2022-02-13T18:56:17","slug":"avbokningsregler","status":"publish","type":"page","link":"https:\/\/www.dk9hundskola.se\/index.php\/avbokningsregler\/","title":{"rendered":"Avbokningsregler"},"content":{"rendered":"<p ><\/p><p ><\/p><p ><\/p><div  data-label=\"Content\" data-id=\"content-image-right\" data-category=\"content\" class=\"content-right-image-section content-image-right\" id=\"content-4\" style=\"background-color: rgb(255, 255, 255);\"> <div  class=\"gridContainer\"> <div  class=\"content-right-image-gridcol\"> <div  class=\"content-right-image-textcol dynamic-color\" data-type=\"column\"> <h2  class=\"\">Avbokning av kurs<\/h2> <p  class=\"large_text\">Observera att din anm\u00e4lan \u00e4r bindande.\n<br ><br >Vi f\u00f6ljer konsumentk\u00f6plagen, v\u00e5r kursverksamhet \u00e4r undantagen \u00e5ngerr\u00e4tten med h\u00e4nvisning till Konsumentk\u00f6plagen: Undantag fr\u00e5n \u00e5ngerr\u00e4tten 11 \u00a7 2 kap. punkt 12.\n<br ><br >Du kan kostnadsfritt avboka din plats upp till 14 dagar efter att du har f\u00e5tt bekr\u00e4ftelse via mail om din plats. \n<br ><br >Denna regel beh\u00f6ver vi ha f\u00f6r att inte beh\u00f6va st\u00e4lla in i sista minuten f\u00f6r andra kursdeltagare.<\/p>  <\/div> <div  class=\"content-right-image-imgcol\" data-type=\"column\"> <img decoding=\"async\"  src=\"https:\/\/www.dk9hundskola.se\/wp-content\/uploads\/2021\/05\/dreamstime_xxl_121461510-scaled.jpg\" class=\"\" alt=\"\"> <\/div> <\/div> <\/div> <\/div>","protected":false},"excerpt":{"rendered":"<p>Avbokning av kurs Observera att din anm\u00e4lan \u00e4r bindande. Vi f\u00f6ljer konsumentk\u00f6plagen, v\u00e5r kursverksamhet \u00e4r undantagen \u00e5ngerr\u00e4tten med h\u00e4nvisning till Konsumentk\u00f6plagen: Undantag fr\u00e5n \u00e5ngerr\u00e4tten 11 \u00a7 2 kap. punkt 12. Du kan kostnadsfritt avboka din plats upp till 14 dagar efter att du har f\u00e5tt bekr\u00e4ftelse via mail om din plats. Denna regel beh\u00f6ver vi&hellip; <br \/> <a class=\"button small blue\" href=\"https:\/\/www.dk9hundskola.se\/index.php\/2021\/05\/05\/hej-varlden\/\">L\u00e4s mer<\/a><\/p>\n","protected":false},"author":1,"featured_media":0,"parent":0,"menu_order":0,"comment_status":"closed","ping_status":"closed","template":"full-width-page.php","meta":{"footnotes":"","_links_to":"","_links_to_target":""},"class_list":["post-349","page","type-page","status-publish","hentry"],"yoast_head":"<!-- This site is optimized with the Yoast SEO plugin v27.5 - https:\/\/yoast.com\/product\/yoast-seo-wordpress\/ -->\n<title>Avbokningsregler - DK-9 Hundskola<\/title>\n<meta name=\"robots\" content=\"index, follow, max-snippet:-1, max-image-preview:large, max-video-preview:-1\" \/>\n<link rel=\"canonical\" href=\"https:\/\/www.dk9hundskola.se\/index.php\/avbokningsregler\/\" \/>\n<meta property=\"og:locale\" content=\"sv_SE\" \/>\n<meta property=\"og:type\" content=\"article\" \/>\n<meta property=\"og:title\" content=\"Avbokningsregler - DK-9 Hundskola\" \/>\n<meta property=\"og:description\" content=\"Avbokning av kurs Observera att din anm\u00e4lan \u00e4r bindande. Vi f\u00f6ljer konsumentk\u00f6plagen, v\u00e5r kursverksamhet \u00e4r undantagen \u00e5ngerr\u00e4tten med h\u00e4nvisning till Konsumentk\u00f6plagen: Undantag fr\u00e5n \u00e5ngerr\u00e4tten 11 \u00a7 2 kap. punkt 12. Du kan kostnadsfritt avboka din plats upp till 14 dagar efter att du har f\u00e5tt bekr\u00e4ftelse via mail om din plats. Denna regel beh\u00f6ver vi&hellip; L\u00e4s mer\" \/>\n<meta property=\"og:url\" content=\"https:\/\/www.dk9hundskola.se\/index.php\/avbokningsregler\/\" \/>\n<meta property=\"og:site_name\" content=\"DK-9 Hundskola\" \/>\n<meta property=\"article:publisher\" content=\"https:\/\/www.facebook.com\/dk9hundskola\/\" \/>\n<meta property=\"article:modified_time\" content=\"2022-02-13T18:56:17+00:00\" \/>\n<meta property=\"og:image\" content=\"http:\/\/www.dk9hundskola.se\/wp-content\/uploads\/2021\/05\/dreamstime_xxl_121461510-scaled.jpg\" \/>\n<meta name=\"twitter:card\" content=\"summary_large_image\" \/>\n<script type=\"application\/ld+json\" class=\"yoast-schema-graph\">{\"@context\":\"https:\\\/\\\/schema.org\",\"@graph\":[{\"@type\":\"WebPage\",\"@id\":\"https:\\\/\\\/www.dk9hundskola.se\\\/index.php\\\/avbokningsregler\\\/\",\"url\":\"https:\\\/\\\/www.dk9hundskola.se\\\/index.php\\\/avbokningsregler\\\/\",\"name\":\"Avbokningsregler - DK-9 Hundskola\",\"isPartOf\":{\"@id\":\"https:\\\/\\\/www.dk9hundskola.se\\\/#website\"},\"primaryImageOfPage\":{\"@id\":\"https:\\\/\\\/www.dk9hundskola.se\\\/index.php\\\/avbokningsregler\\\/#primaryimage\"},\"image\":{\"@id\":\"https:\\\/\\\/www.dk9hundskola.se\\\/index.php\\\/avbokningsregler\\\/#primaryimage\"},\"thumbnailUrl\":\"http:\\\/\\\/www.dk9hundskola.se\\\/wp-content\\\/uploads\\\/2021\\\/05\\\/dreamstime_xxl_121461510-scaled.jpg\",\"datePublished\":\"2022-02-13T18:47:09+00:00\",\"dateModified\":\"2022-02-13T18:56:17+00:00\",\"breadcrumb\":{\"@id\":\"https:\\\/\\\/www.dk9hundskola.se\\\/index.php\\\/avbokningsregler\\\/#breadcrumb\"},\"inLanguage\":\"sv-SE\",\"potentialAction\":[{\"@type\":\"ReadAction\",\"target\":[\"https:\\\/\\\/www.dk9hundskola.se\\\/index.php\\\/avbokningsregler\\\/\"]}]},{\"@type\":\"ImageObject\",\"inLanguage\":\"sv-SE\",\"@id\":\"https:\\\/\\\/www.dk9hundskola.se\\\/index.php\\\/avbokningsregler\\\/#primaryimage\",\"url\":\"http:\\\/\\\/www.dk9hundskola.se\\\/wp-content\\\/uploads\\\/2021\\\/05\\\/dreamstime_xxl_121461510-scaled.jpg\",\"contentUrl\":\"http:\\\/\\\/www.dk9hundskola.se\\\/wp-content\\\/uploads\\\/2021\\\/05\\\/dreamstime_xxl_121461510-scaled.jpg\"},{\"@type\":\"BreadcrumbList\",\"@id\":\"https:\\\/\\\/www.dk9hundskola.se\\\/index.php\\\/avbokningsregler\\\/#breadcrumb\",\"itemListElement\":[{\"@type\":\"ListItem\",\"position\":1,\"name\":\"Hem\",\"item\":\"https:\\\/\\\/www.dk9hundskola.se\\\/\"},{\"@type\":\"ListItem\",\"position\":2,\"name\":\"Avbokningsregler\"}]},{\"@type\":\"WebSite\",\"@id\":\"https:\\\/\\\/www.dk9hundskola.se\\\/#website\",\"url\":\"https:\\\/\\\/www.dk9hundskola.se\\\/\",\"name\":\"DK-9 Hundskola\",\"description\":\"Hundkurser, beteendeutredning\",\"publisher\":{\"@id\":\"https:\\\/\\\/www.dk9hundskola.se\\\/#organization\"},\"potentialAction\":[{\"@type\":\"SearchAction\",\"target\":{\"@type\":\"EntryPoint\",\"urlTemplate\":\"https:\\\/\\\/www.dk9hundskola.se\\\/?s={search_term_string}\"},\"query-input\":{\"@type\":\"PropertyValueSpecification\",\"valueRequired\":true,\"valueName\":\"search_term_string\"}}],\"inLanguage\":\"sv-SE\"},{\"@type\":\"Organization\",\"@id\":\"https:\\\/\\\/www.dk9hundskola.se\\\/#organization\",\"name\":\"DK-9 Hundskola\",\"url\":\"https:\\\/\\\/www.dk9hundskola.se\\\/\",\"logo\":{\"@type\":\"ImageObject\",\"inLanguage\":\"sv-SE\",\"@id\":\"https:\\\/\\\/www.dk9hundskola.se\\\/#\\\/schema\\\/logo\\\/image\\\/\",\"url\":\"https:\\\/\\\/www.dk9hundskola.se\\\/wp-content\\\/uploads\\\/2021\\\/05\\\/logo.png\",\"contentUrl\":\"https:\\\/\\\/www.dk9hundskola.se\\\/wp-content\\\/uploads\\\/2021\\\/05\\\/logo.png\",\"width\":349,\"height\":70,\"caption\":\"DK-9 Hundskola\"},\"image\":{\"@id\":\"https:\\\/\\\/www.dk9hundskola.se\\\/#\\\/schema\\\/logo\\\/image\\\/\"},\"sameAs\":[\"https:\\\/\\\/www.facebook.com\\\/dk9hundskola\\\/\"]}]}<\/script>\n<!-- \/ Yoast SEO plugin. -->","yoast_head_json":{"title":"Avbokningsregler - DK-9 Hundskola","robots":{"index":"index","follow":"follow","max-snippet":"max-snippet:-1","max-image-preview":"max-image-preview:large","max-video-preview":"max-video-preview:-1"},"canonical":"https:\/\/www.dk9hundskola.se\/index.php\/avbokningsregler\/","og_locale":"sv_SE","og_type":"article","og_title":"Avbokningsregler - DK-9 Hundskola","og_description":"Avbokning av kurs Observera att din anm\u00e4lan \u00e4r bindande. Vi f\u00f6ljer konsumentk\u00f6plagen, v\u00e5r kursverksamhet \u00e4r undantagen \u00e5ngerr\u00e4tten med h\u00e4nvisning till Konsumentk\u00f6plagen: Undantag fr\u00e5n \u00e5ngerr\u00e4tten 11 \u00a7 2 kap. punkt 12. Du kan kostnadsfritt avboka din plats upp till 14 dagar efter att du har f\u00e5tt bekr\u00e4ftelse via mail om din plats. Denna regel beh\u00f6ver vi&hellip; L\u00e4s mer","og_url":"https:\/\/www.dk9hundskola.se\/index.php\/avbokningsregler\/","og_site_name":"DK-9 Hundskola","article_publisher":"https:\/\/www.facebook.com\/dk9hundskola\/","article_modified_time":"2022-02-13T18:56:17+00:00","og_image":[{"url":"http:\/\/www.dk9hundskola.se\/wp-content\/uploads\/2021\/05\/dreamstime_xxl_121461510-scaled.jpg","type":"","width":"","height":""}],"twitter_card":"summary_large_image","schema":{"@context":"https:\/\/schema.org","@graph":[{"@type":"WebPage","@id":"https:\/\/www.dk9hundskola.se\/index.php\/avbokningsregler\/","url":"https:\/\/www.dk9hundskola.se\/index.php\/avbokningsregler\/","name":"Avbokningsregler - DK-9 Hundskola","isPartOf":{"@id":"https:\/\/www.dk9hundskola.se\/#website"},"primaryImageOfPage":{"@id":"https:\/\/www.dk9hundskola.se\/index.php\/avbokningsregler\/#primaryimage"},"image":{"@id":"https:\/\/www.dk9hundskola.se\/index.php\/avbokningsregler\/#primaryimage"},"thumbnailUrl":"http:\/\/www.dk9hundskola.se\/wp-content\/uploads\/2021\/05\/dreamstime_xxl_121461510-scaled.jpg","datePublished":"2022-02-13T18:47:09+00:00","dateModified":"2022-02-13T18:56:17+00:00","breadcrumb":{"@id":"https:\/\/www.dk9hundskola.se\/index.php\/avbokningsregler\/#breadcrumb"},"inLanguage":"sv-SE","potentialAction":[{"@type":"ReadAction","target":["https:\/\/www.dk9hundskola.se\/index.php\/avbokningsregler\/"]}]},{"@type":"ImageObject","inLanguage":"sv-SE","@id":"https:\/\/www.dk9hundskola.se\/index.php\/avbokningsregler\/#primaryimage","url":"http:\/\/www.dk9hundskola.se\/wp-content\/uploads\/2021\/05\/dreamstime_xxl_121461510-scaled.jpg","contentUrl":"http:\/\/www.dk9hundskola.se\/wp-content\/uploads\/2021\/05\/dreamstime_xxl_121461510-scaled.jpg"},{"@type":"BreadcrumbList","@id":"https:\/\/www.dk9hundskola.se\/index.php\/avbokningsregler\/#breadcrumb","itemListElement":[{"@type":"ListItem","position":1,"name":"Hem","item":"https:\/\/www.dk9hundskola.se\/"},{"@type":"ListItem","position":2,"name":"Avbokningsregler"}]},{"@type":"WebSite","@id":"https:\/\/www.dk9hundskola.se\/#website","url":"https:\/\/www.dk9hundskola.se\/","name":"DK-9 Hundskola","description":"Hundkurser, beteendeutredning","publisher":{"@id":"https:\/\/www.dk9hundskola.se\/#organization"},"potentialAction":[{"@type":"SearchAction","target":{"@type":"EntryPoint","urlTemplate":"https:\/\/www.dk9hundskola.se\/?s={search_term_string}"},"query-input":{"@type":"PropertyValueSpecification","valueRequired":true,"valueName":"search_term_string"}}],"inLanguage":"sv-SE"},{"@type":"Organization","@id":"https:\/\/www.dk9hundskola.se\/#organization","name":"DK-9 Hundskola","url":"https:\/\/www.dk9hundskola.se\/","logo":{"@type":"ImageObject","inLanguage":"sv-SE","@id":"https:\/\/www.dk9hundskola.se\/#\/schema\/logo\/image\/","url":"https:\/\/www.dk9hundskola.se\/wp-content\/uploads\/2021\/05\/logo.png","contentUrl":"https:\/\/www.dk9hundskola.se\/wp-content\/uploads\/2021\/05\/logo.png","width":349,"height":70,"caption":"DK-9 Hundskola"},"image":{"@id":"https:\/\/www.dk9hundskola.se\/#\/schema\/logo\/image\/"},"sameAs":["https:\/\/www.facebook.com\/dk9hundskola\/"]}]}},"_links":{"self":[{"href":"https:\/\/www.dk9hundskola.se\/index.php\/wp-json\/wp\/v2\/pages\/349","targetHints":{"allow":["GET"]}}],"collection":[{"href":"https:\/\/www.dk9hundskola.se\/index.php\/wp-json\/wp\/v2\/pages"}],"about":[{"href":"https:\/\/www.dk9hundskola.se\/index.php\/wp-json\/wp\/v2\/types\/page"}],"author":[{"embeddable":true,"href":"https:\/\/www.dk9hundskola.se\/index.php\/wp-json\/wp\/v2\/users\/1"}],"replies":[{"embeddable":true,"href":"https:\/\/www.dk9hundskola.se\/index.php\/wp-json\/wp\/v2\/comments?post=349"}],"version-history":[{"count":3,"href":"https:\/\/www.dk9hundskola.se\/index.php\/wp-json\/wp\/v2\/pages\/349\/revisions"}],"predecessor-version":[{"id":362,"href":"https:\/\/www.dk9hundskola.se\/index.php\/wp-json\/wp\/v2\/pages\/349\/revisions\/362"}],"wp:attachment":[{"href":"https:\/\/www.dk9hundskola.se\/index.php\/wp-json\/wp\/v2\/media?parent=349"}],"curies":[{"name":"wp","href":"https:\/\/api.w.org\/{rel}","templated":true}]}}